 -5 + (4 - 7) - -4.
-4
Evaluate 4 + 0 + (10 - 13).
1
What is 1 - 4 - (3 - 8)?
2
Calculate 2 - (2 - (-1 + 1 + 0)).
0
Evaluate 0 + 2 + -8 + 6.
0
Evaluate -1 - (-4 + 3 + 7 + -5).
-2
(11 - 7) + -11 - -4
-3
Evaluate 3 - (5 - (0 + -8) - 6).
-4
Evaluate -3 - -7 - (5 + -3).
2
What is the value of (-4 - 8 - -5) + 6 - 5?
-6
Evaluate (10 - 6) + (-5 - -7).
6
-2 + -11 + 3 - -13
3
What is 7 - (-5 + (1 - 3) + 11)?
3
Evaluate 9 - (6 - (-17 + 11)).
-3
Calculate 0 - -1 - (0 - 9 - -5).
5
What is the value of -4 + 1 + -3 + 3 + 0?
-3
What is the value of 6 + (13 - 19) - -5?
5
What is the value of (-6 - -6 - -4) + -11?
-7
What is 2 - 0 - (-2 - 0) - 1?
3
14 - (5 + -1) - 13
-3
Evaluate 6 - 3 - (-18 + 13).
8
2 + (-5 - 6) - -4
-5
What is -5 + -9 - (12 - 30)?
4
What is 5 - (18 - 15) - (-5 - 0)?
7
What is -2 - (42 + -32 + -1 + -4)?
-7
Evaluate -4 + (5 - 2) + (7 - 1).
5
What is the value of (25 - 22) + 0 + -1?
2
7 + 1 + 0 + -2 - 8
-2
Calculate 5 - -1 - 4 - -3.
5
Evaluate -3 + -2 - (20 + -20).
-5
Calculate (-7 - 0) + (-13 - -22).
2
What is the value of -2 + 7 + -5 + -7?
-7
What is 11 - 4 - 8 - -4?
3
What is the value of -4 - (6 + (-9 - 1 - -6))?
-6
What is -12 + (-3 + -5 - -16)?
-4
Calculate (-3 - (-4 + 6)) + 4.
-1
Calculate -2 + (5 - 3) + -2.
-2
What is 1 + -6 + (13 - 12)?
-4
What is the value of 18 - 21 - (3 - 1)?
-5
4 - (9 + -1) - (-5 - -1)
0
Evaluate (1 - -2) + -4 - (0 - 4).
3
12 + (-6 - (-3 - 10) - 13)
6
-3 + -2 + -16 + 13
-8
Calculate -6 + 3 + 0 + 0.
-3
Calculate 14 + -6 + (3 - 5) + -1.
5
What is 2 + (-2 - (-7 - -3) - -6)?
10
What is the value of 5 + 8 + -3 + (7 - 8)?
9
-7 + (8 - 16 - -21)
6
What is (4 - 1 - -1) + -1?
3
Evaluate -15 - -10 - (-12 + 7).
0
Calculate 9 - (-6 + -3 + 5 + 10).
3
Evaluate (10 - 3 - 1) + -3.
3
What is the value of 2 + -5 + 4 + 2 + -1?
2
What is the value of (2 - -2) + 0 + 0 + -3?
1
Calculate 0 - 1 - 0 - 3.
-4
Calculate (2 - 13 - -5) + (2 - 0).
-4
Evaluate 8 - (-1 - (4 + -8) - 0).
5
What is (1 - (8 + (1 - 5))) + 5?
2
Calculate 4 - (-1 + 8) - (7 + -5).
-5
Calculate (-5 - (3 - 1)) + 9.
2
Calculate -4 + 0 + 9 + 4.
9
What is the value of 11 + -19 + 2 + 7?
1
Evaluate (4 - ((2 - 3) + 6)) + -6.
-7
Calculate 16 + -4 + 1 - 9.
4
(-4 - -6) + -4 - (-7 + 6)
-1
Evaluate 1 + (0 - -2 - (-1 + -2)).
6
Calculate -2 - (-3 - -1) - 7.
-7
What is the value of 6 + -3 - 8 - (-17 - -16)?
-4
Evaluate -3 - (-2 + (-6 + 2 - 1)).
4
Evaluate 4 - -4 - (7 + 3 + -9).
7
Evaluate 0 - (-2 + 4 + -8) - 8.
-2
-4 + (1 - (-7 + 1)) - 2
1
2 + 6 + (-3 - 7)
-2
Evaluate (1 - 4) + 8 + -4.
1
Evaluate -3 + (5 - (6 + -4)).
0
Calculate -4 + (9 - 8 - 0).
-3
11 - 1 - (12 - 7)
5
Evaluate (-4 - 0) + 5 + -6.
-5
Calculate -4 - (-2 + -6 - -6).
-2
What is 36 - 44 - (-5 + -1)?
-2
What is -14 + (9 - (9 + -8))?
-6
Evaluate -3 + 0 + 2 + -1 + 7.
5
What is the value of -8 + 1 + -1 + 2 + 1?
-5
What is -10 - (5 - (31 - 8))?
8
What is the value of -3 + -7 + (9 - 4)?
-5
What is the value of (1 - -1) + (21 - 25) + 5?
3
What is the value of (-2 - -1) + 2 - (0 + 1)?
0
What is the value of (-2 - -2 - -6) + 291 + -289?
8
What is the value of -6 - (5 + -11) - -2?
2
What is -5 + (2 - -8) + -6?
-1
Calculate 3 + -2 + -1 + (10 - 15).
-5
What is 2 + (3 + -7 - -1) + 2?
1
What is -10 - (-2 + (10 - 13))?
-5
Evaluate -5 + 7 + 3 + 0.
5
What is -1 - 1 - (1 + -6)?
3
Evaluate 2 + 3 + -1 + -3.
1
What is the value of -56 + 55 + (-1 - 0)?
-2
-14 + (3 - 0 - (-45 - -44))
-10
Calculate -15 - (6 + (-21 - -2)).
-2
What is the value of 5 + -1 - (-7 + 13 + 1)?
-3
What is the value of 1 + 3 + 0 + (1 - 2)?
3
What is the value of (1 - 4) + -1 - -9?
5
Calculate -7 + 1 + -5 + (14 - 5).
-2
What is the value of 1 - (-4 - -8 - 2)?
-1
Calculate -1 + -1 + 8 + 9 + -15.
0
5 - (4 - -3) - (-2 + 1)
-1
Calculate 2 + (-2 + 4 - -2 - 4).
2
Evaluate 0 + (13 - 6) + -6 - -5.
6
Evaluate -2 + (-3 - 0) + 7 + -2.
0
What is -2 + (0 + -1 - -3)?
0
What is the value of -17 - -19 - (0 + -2 + 1)?
3
Calculate 5 - 11 - (-2 - (4 + -4)).
-4
-16 + 16 + -8 + -4 + 8
-4
What is the value of 42 + -48 - (0 + 1 + 0)?
-7
Calculate (-2 - (1 - -9)) + -16 + 24.
-4
What is 5 - 3 - 2 - -2?
2
Calculate -2 + (1 - (4 + -4 + -3)).
2
What is the value of -5 + 0 + (7 - (8 - 5))?
-1
(7 - 3) + 3 + -2
5
What is 5 - ((-1 - 1) + 3)?
4
What is the value of -8 - (-5 + 0) - (1 + -1)?
-3
Evaluate 4 - 3 - (-2 - 2).
5
Evaluate (-2 + 3 - 6) + -7 + 2.
-10
What is -3 + 8 + -3 + (-2 - -4)?
4
6 + -4 + -8 + 7
1
-2 + (2 - 0 - 6)
-6
What is the value of 5 + 3 + -1 + -3?
4
Calculate (-3 - (1 - 1)) + -1 - -4.
0
What is 1 - -2 - (0 + 0 + -5)?
8
What is the value of -5 - (7 - (15 - 7))?
-4
0 + -5 + (-5 - (2 - 12))
0
What is (1 + -7 - -6 - -1) + 6?
7
Calculate -4 - (8 - (7 + -2)).
-7
1 + (-3 - (-4 + -4)) + -8
-2
-2 + (-4 - (-14 + 9))
-1
What is 1 + -1 + (8 - 0) + -3?
5
Evaluate 1 - (4 + (3 - 0) + -4).
-2
Evaluate -2 - (4 - (2 + -3) - 4).
-3
Calculate 0 + (5 + -1 + 1 - 1).
4
Calculate 0 - (1 + 6 - 3).
-4
What is the value of 2 + -6 - (0 - 10) - 4?
2
What is the value of -6 - (-6 + 0) - 5?
-5
(4 - 7) + (-1 - -2)
-2
What is 0 + -6 + 5 - -2?
1
What is the value of -1 + -1 + 5 + 6 + -3?
6
What is 4 + (2 - 6) - 4?
-4
What is the value of ((-2 - 1) + 2 - -7) + -3?
3
-4 + (-2 - (-3 + 2 + -2))
-3
What is -1 + (-5 + 0 - (-7 - -6))?
-5
6 + -11 + 7 + -2
0
What is the value of -4 + 7 + 6 + -5?
4
What is the value of 12 + -7 - 17 - -5?
-7
5 - 1 - (-4 + 3)
5
What is the value of 12 + (4 + 4 + -12 - 1)?
7
What is the value of (-2 - -4) + -13 + 12?
1
Calculate (-9 - (5 - 10)) + -2.
-6
Evaluate 19 + 1 + -21 + 6.
5
Calculate 0 + (-3 - -2) + -4 - 0.
-5
What is 1 - (-2 + 2 - -4) - -3?
0
Calculate -3 + -3 + 13 + 1 + 1.
9
What is the value of 1 + 1 + -8 + 3 + -3?
-6
What is the value of 8 - (-2 + 8) - (4 - 10)?
8
What is 6 + (2 - (3 - -2)) + -1?
2
Evaluate -1 + 3 - ((4 - 1) + -6).
5
Calculate 2 + (-28 + 23 - (-1 + -4)).
2
What is the value of 1 - (12 - 2 - (0 + 4))?
-5
What is 6 + (-2 - -4 - 9)?
-1
-1 + (-3 - 3) + 3
-4
Calculate 0 + -4 + 6 - 5.
-3
What is the value of 4 + -3 + 4 + -5?
0
What is the value of 7 - (10 + (-15 - -9))?
3
7 - (20 + -12) - -8
7
Evaluate 5 - (12 + -11 + 10).
-6
Evaluate 10 + -11 + -2 + 1 + 0.
-2
What is -3 + -5 + 0 + 28 + -23?
-3
0 + 0 + -5 - -4
-1
What is -8 - -9 - (2 + -7 + 10)?
-4
-8 + (-5 + 9 - 1)
-5
What is the value of 8 + -5 + 1 - 9?
-5
-82 + 84 - (0 - 2)
4
4 + -11 + 5 + -1
-3
What is the value of 1 - (-2 + 6 - 9) - 0?
6
6 + (-5 - (3 + 2)) + 2
-2
What is the value of 2 + 4 + (-8 - (-4 - 0))?
2
Evaluate 6 - (2 + 0 + 2 + -2).
4
-3 - (6 + -1 - 9)
1
-4 + 7 + (-10 - -2) + 0
-5
What is the value of 10 + 1 - 4 - (6 + -1)?
2
What is the value of 0 + -2 - (51 + -52)?
-1
What is 7 - (-8 - (11 + -32))?
-6
Calculate (-7 + (4 - 0) - 6) + 2.
-7
Evaluate 3 + 5 - (-9 + 21).
-4
What is -18 + 14 - (0 + -4)?
0
Calculate 2 - (-6 + -7 + 6 - 0).
9
Calculate 1 + 0 + 2 + 1.
4
Evaluate 4 + -10 + -2 - -5 - -5.
2
What is -9 + 2 + 7 + 7?
7
Evaluate 10 + -1 + -9 - -8.
8
What is -8 + (50 - 49) + (1 - 3)?
-9
What is (-12 - -7 - -2) + (7 - 4)?
0
What is the value of -6 - (3 + -2 - (-19 - -22))?
-4
What is the value of -4 + (4 - -2) + -4?
-2
What is -5 + (4 - (-4 + -2))?
5
Evaluate 3 + (2 - 1) - -2 - 13.
-7
-23 + 15 + 8 - 11
-11
Calculate -4 - (-18 + 5) - 2.
7
What is 0 - (6 - 15) - 4?
5
2 + (6 + -3 + -2 - 0)
3
What is (0 - (1 + -1)) + -2 + -1?
-3
Calculate 37 - 41 - (-3 - (0 - -1)).
0
What is -95 + 91 - (0 - 9)?
5
Evaluate 6 - -2 - 25 - -7.
-10
-6 + (2 + 1 - (3 + -1))
-5
What is the value of 0 - (-6 + 0 + (-4 - -4))?
6
Calculate -6 - (2 + -6) - -4.
2
What is the value of (-14 - -7) + 13 - (2 - -1)?
3
Evaluate 15 + -15 - (3 + -11).
8
What is the value of -3 + 1 + 8 + -7?
-1
What is the value of 4 + 1 + 3 + -4 + -1?
3
Calculate 3 - (8 + -10 + -2).
7
Evaluate -1 + 6 + (-6 - (-10 - -13)).
-4
-2 - (-3 - -5 - 10)
6
What is the value of -11 + 5 + -1 - -5?
-2
What is the value of (1 - 1) + (-2 - -2) + -4?
-4
-3 + -1 + 3 + -1 + 0
-2
-10 + 12 - (-2 + 8)
-4
2 + 4 + (4 - 4) + -8
-2
Calculate -6 + 1 + (-29 - -26) - -4.
-4
Calculate -2 - (3 + (-10 - 0)).
5
Evaluate (2 - 2) + (2 - 4 - -1).
-1
Evaluate 0 + 3 + 2 - (-11 - -9).
7
What is 3 + -1 + 2 - -1?
5
Evaluate -9 - 2 - (9 - 15).
-5
Evaluate (12 - 12) + 2 + 0 + -1.
1
Evaluate 1 + 6 + -5 + -7.
-5
What is 4 + 0 + (1 - 1) + 1?
5
What is the value of (5 + 0 - (3 + -4)) + -5?
1
9 + 2 + 0 + (8 - 14)
5
Eval